9).
2
Calculate 1 + 3 - (-28 + 38) - -14.
8
Evaluate -1 + -5 - (-26 - -18).
2
What is 3 + 0 - (5 + (2 - 9))?
5
Calculate 2 + -6 + 1 - -4.
1
-10 + 16 + -2 + -2
2
Calculate 2 + 2 + -6 + -2 + 0.
-4
What is 3 + (-3 + 1 - 1) + 1?
1
3 + 16 + -13 + (-2 - 2)
2
-4 - (3 + (9 - 11))
-5
What is the value of 2 + (3 - 8) + (-5 - -11)?
3
Evaluate -1 + (3 + -6 - 0).
-4
5 + 1 - (-8 + -3 + 9)
8
What is the value of (-1 - 1) + 5 + -3 - 4?
-4
What is -1 - -18 - (50 - 40)?
7
What is the value of -61 + 56 - (-8 - (-1 - 2))?
0
Calculate (0 - -4) + -7 - 3.
-6
Evaluate -1 - (-5 - -4 - (1 - 8)).
-7
What is (-2 - (-9 - -3)) + -6?
-2
Evaluate 0 + (9 - 5) - -1.
5
Calculate -6 + (-2 - 0 - -2) - -3.
-3
What is 59 + -59 - ((0 - 0) + 0)?
0
Calculate (-3 - -1) + 3 + 1.
2
Calculate -4 - (-6 + 3 + -5 + 2).
2
What is (-1 - 4) + 5 + -5?
-5
Evaluate 61 + -71 + 2 + 1.
-7
What is (-3 - 3) + -1 - -2?
-5
Evaluate -4 - (1 - -7 - 16).
4
Evaluate (4 - -2 - 1) + -3.
2
-1 - ((-1 - 1) + (2 - -1))
-2
3 - (0 + -5 + 9)
-1
What is the value of (3 - -11) + -9 + 1 + -9?
-3
Evaluate 7 + (-7 - -5) - 2.
3
Calculate (4 - 0) + -6 + 4 - 0.
2
What is -7 + 1 + (-2 + 5 - 0)?
-3
Evaluate -6 + 0 + 9 + (1 - -3).
7
3 + 4 + -17 + 7 + 3
0
Calculate 1 + -2 + 2 + -5 + 0.
-4
What is the value of 0 - -2 - (0 + 1)?
1
Calculate (-7 - 3) + 6 - -7.
3
Calculate (-5 - 2 - -4) + 1 - 2.
-4
What is the value of 1 + -3 - 0 - (2 + -2)?
-2
Calculate 2 + 2 - (28 - 21).
-3
4 + 1 + -3 + -5 + 6
3
Evaluate (-1 + 6 - (-6 - -20)) + 1.
-8
What is the value of (5 - (3 - -4)) + -1 + -4?
-7
What is -9 - (5 + -26 - -10)?
2
What is -2 - (3 + -9 - 2)?
6
-2 + (-6 - -2 - -10)
4
What is the value of -2 - (5 + -6 + 1 + -6)?
4
Calculate 2 + -9 + 8 + -6.
-5
What is the value of -6 + (-8 - (-9 + -1))?
-4
Calculate (-6 - -2) + (9 - 5 - -1).
1
-8 + (8 - 0 - 4)
-4
Calculate -50 - -44 - (2 - 14).
6
What is the value of (-28 - -34) + (0 - (4 - 0))?
2
Calculate 4 - (3 + (0 - -3)).
-2
(1 + 1 - -8) + -10
0
Evaluate -2 + (2 - (-6 - (-3 - 0))).
3
Evaluate (2 - 6 - -3) + -2.
-3
What is the value of 5 - (-2 + 5 - 3) - -3?
8
-12 - 4 - (-6 - 1) - -5
-4
Evaluate 8 + -10 - (7 + -4).
-5
Calculate 6 - (9 + -5) - 5 - -12.
9
What is (3 + -11 - -18) + -10?
0
What is -3 - (1 - (5 + 3 - -1))?
5
0 + (6 - 0) - 4
2
What is -4 + (-13 - -15) - 9?
-11
Calculate -4 + 2 - (4 + -9).
3
Evaluate -4 + (8 - 7) + 4.
1
Calculate (19 - 14) + (1 - (-2 + 2)).
6
What is the value of 4 - (-2 - (1 + -1 + -5))?
1
Evaluate (3 - -2) + -4 - -4.
5
(4 + -3 - -4) + 1 + -1
5
Evaluate 5 + (4 + -5 - 5).
-1
What is -9 + 8 + 11 + -1?
9
What is the value of 0 - ((0 - 2) + 3 + -3)?
2
Evaluate -1 + -6 + (-76 - -84).
1
What is (-12 + 2 - (-34 + 30)) + 2?
-4
What is (-1 - -2) + -7 + 4 + 0?
-2
What is 5 - 6 - 1 - (1 - -1)?
-4
What is the value of 2 + 1 - (0 - (-1 + 3))?
5
What is the value of 2 - 7 - (-1 - 2 - -2)?
-4
What is 0 - (2 - (-4 - -4))?
-2
What is the value of 4 - -3 - (-2 - (-2 - 1))?
6
What is -5 + -3 + 3 - 1?
-6
Evaluate 0 + -3 + 5 + -5.
-3
What is the value of -10 - (10 + -13 + -2)?
-5
Calculate (2 - 0) + (8 - 19) + 6.
-3
What is the value of (-3 - -10 - -1) + -14?
-6
-1 + (-1 - (4 + -5))
-1
-3 + (-4 - -2) + 4
-1
What is (1 - 5) + (8 - 3 - 1)?
0
Evaluate -38 - -31 - (-6 + -2).
1
Evaluate -3 + (-8 - -4) - -3 - -8.
4
Evaluate -17 + 13 + 1 + 0.
-3
What is the value of 3 + 1 - (13 - 4)?
-5
Calculate -4 - (6 + -14 + 10).
-6
-5 + 13 - -6 - 7
7
Calculate -8 - (-11 + 9 + -12).
6
Calculate (-8 + 5 - (-4 - 0)) + 4.
5
-9 - (7 + -5 + -3 - 2)
-6
What is (30 - 31) + (1 - -5)?
5
-1 - (3 + -8) - -1
5
What is the value of (-13 - -36 - 14) + (-1 - 5)?
3
Evaluate -3 - 14 - -10 - (-1 + 1).
-7
What is the value of -15 + 13 - (-2 + 0)?
0
What is 7 + -12 - (2 + (2 - 3))?
-6
Evaluate 0 - (8 - (6 + (6 - 9))).
-5
Evaluate (-32 - -30) + (0 - -4).
2
Evaluate -5 + (22 + (3 - 8) - 5).
7
Calculate -4 + (-8 - -2) + 4.
-6
What is 3 + -2 + -5 + 0 + 2?
-2
Evaluate (-1 - -3) + 2 - (7 - 5).
2
-22 + 21 + (-3 - 0) + 2
-2
What is -2 - (-2 + 2 + -5)?
3
Evaluate 6 - -6 - 22 - -14.
4
Calculate 2 + -4 + 6 + -8.
-4
What is the value of -6 + 1 + 3 + -2 + 0?
-4
-2 - (-4 - -5 - 3)
0
7 + (-2 - 1) + (15 - 12)
7
Evaluate 6 + -6 + -1 + 2 + 0.
1
Calculate 4 - (0 - 1 - (-1 - 4)).
0
Calculate -1 + 2 - (-30 - -28).
3
What is the value of (-3 - ((3 - 2) + 0)) + 9?
5
What is -3 + -2 + 16 + -14?
-3
Calculate -1 - (-4 + 0 + (1 - -2)).
0
What is -3 - 0 - -1 - 1?
-3
Calculate -7 + 16 + 6 + -21.
-6
Calculate 3 + -1 + (-1 - 6) - -3.
-2
What is the value of 5 + (4 - 12) + 2?
-1
Calculate (-6 - (-3 - -1)) + 6.
2
What is the value of 4 + 2 + (-2 - (2 - -1))?
1
4 + (3 - 0 - 5) + -3
-1
What is -2 + 1 + 2 + (7 - 5)?
3
Evaluate -26 + 25 + (0 - 1).
-2
What is the value of 11 - (4 + (4 + -4 - 1))?
8
What is the value of -10 - -5 - 6 - -5?
-6
(0 + 0 - -2) + -1
1
-2 - (-7 - (-1 - (-1 + 0)))
5
Calculate 6 - (3 - (-1 - 0 - 1)).
1
What is (0 - -2 - (-5 - -2)) + -3?
2
Calculate 0 - -8 - (7 - 6).
7
(-3 - (6 + -4)) + (3 - 2)
-4
What is the value of (5 - 1) + -9 + (0 - -4)?
-1
(-3 - 9) + (20 - 5)
3
12 + -3 - -6 - 7
8
What is the value of 3 - (-2 + -3 + 7 + -6)?
7
Calculate -1 + (-8 - -13) + -7.
-3
What is 6 - (-4 - (-3 + -8))?
-1
Evaluate 9 + -5 + -7 - (-2 - -2).
-3
-5 - ((-5 - (-4 - -3)) + 2)
-3
(-1 - 0) + (-22 - -6) + 22
5
What is the value of (-5 - -7 - -5) + -11?
-4
Evaluate (0 - 3) + (9 - 7) - -2.
1
5 + 5 - 5 - 10 - -6
1
Calculate 1 + -9 + 3 + 12.
7
What is the value of 10 + -16 + 8 + 4 - 16?
-10
What is the value of 11 + -5 - (-2 + 4)?
4
What is the value of 7 + -6 + 2 + 3 - 0?
6
Evaluate -3 + (7 - (5 - -2 - -3)).
-6
Calculate 7 + (-10 - 0 - (-6 + 0)).
3
Calculate 1 + -3 + (3 - 3) + -3.
-5
What is -4 + -4 + -9 + 11?
-6
(-12 - -4) + 3 + 2 + -1
-4
1 + -3 + (-4 - -3) + 1
-2
What is 1 + 2 + (-7 - -4)?
0
What is the value of -8 - (1 + -6) - -2?
-1
1 + -6 + (-3 + 9 - 5)
-4
Evaluate -5 + 3 + (-5 - -8 - 6).
-5
What is the value of 9 + (1 - -1) + -11 + 6?
6
Evaluate -9 + 12 + -1 + 3 - -2.
7
What is (-3 - (8 + -7)) + (10 - -3)?
9
Evaluate 1 - (1 - (-4 - 1)).
-5
Calculate -2 + -2 - (0 + 2).
-6
-8 + (2 - -2) + 7
3
(-2 - -12 - 15) + (-1 - -13)
7
What is -11 + 11 - (-1 - 3) - 3?
1
Calculate -1 - (4 - (3 - -2)) - -5.
5
Calculate -11 + (5 - (-1 + -8)).
3
-5 + (-6 - -15) + -18 - -6
-8
Calculate 39 + -34 + (-16 - -5).
-6
Calculate (2 + 6 + -1 - 2) + -4.
1
-7 - -7 - 0 - (-4 + 0)
4
What is (1 - (-3 + 0)) + (3 - 12)?
-5
Calculate -3 + 0 + 19 + -19 - -6.
3
Evaluate 1 + (-9 - 1 - -5).
-4
Evaluate (-2 - 4) + (11 - (2 + 10)).
-7
Calculate 4 + -2 + 1 + -1.
2
Evaluate 5 - (3 + 0 + 6).
-4
Evaluate -4 - 1 - (-3 + -4).
2
Evaluate 0 + 0 - (11 + -7).
-4
Calculate -6 - (45 + -44 + 1 + -8).
0
Evaluate 8 - (25 - 5) - -9.
-3
What is the value of -1 - (0 + -1) - -4?
4
What is 1 + (7 + -6 - (2 + 3))?
-3
7 + 1 - (6 - 1)
3
Evaluate -4 - (-4 + 3 - -2).
-5
Evaluate 3 - 7 - (-1 + -4).
1
What is (-14 - -25) + (-4 + -1 - 1)?
5
-6 + (2 - ((3 - 2) + 1))
-6
What is the value of -5 - -15 - (5 + -3)?
8
-1 - (-2 - -3 - -2)
-4
Calculate -1 + -1 + -2 - (-1 + 0).
-3
-6 - (-1 + 1 + -2)
-4
What is 1 - 3 - (0 - (-2 - -2))?
-2
7 - -1 - (13 - (-3 - -5))
-3
Evaluate 4 - (3 - 0 - 4).
5
What is (11 - 3) + (6 - 14) + 4?
4
What is the value of (1 - -1) + (0 - 1) + -1?
0
Calculate 2 + -2 + 1 - (-5 + 9).
-3
What is (-2 - (1 + 9)) + (-11 - -17)?
-6
Evaluate 1 + (-1 - (-1 + 0 + -4)).
5
-2 - (-3 - 1) - 7 - -3
-2
What is (0 - (-5 + 0)) + -5 + -3?
-3
-4 - (5 + -5 + 3 + -7)
0
Evaluate 7 + 8 + (10 - 25).
0
What is the value of 0 + -4 - (3 - 7)?
0
Evaluate 9 + (3 - -3) + -15.
0
6 + (12 - (2 - -4 - -3))
9
(-6 - -3 - 0) + 8
5
2 - 2 - (-6 - (-5 + 1))
2
What is the value of -6 + (6 - (6 + 0 - 3))?
-3
What is the value of -3 + 6 + 3 - (-1 - -2)?
5
What is the value of 2 - ((-3 - -3) + 3)?
-1
What is the value of 1 + 0 + -7 - (-13 - -10)?
-3
Evaluate 2 - (5 + (4 - 4)).
-3
What is the value of 4 + -4 - (2 - 0)?
-2
Evaluate -22 + 7 + 6 + 10.
1
Calculate 8 + -7 + (-2 - (0 + 5)).
-6
What is the value of (-1 - (0 + 2 - -1)) + 2?
-2
Calculate (-8 - -4) + 4 - (-2 - -1).
1
Calculate -2 - (-6 + 5) - -3.
2
What is the value of 0 - 3 - (99 + -106)?
4
-3 + (5 + 10 - 8)
4
Evaluate 7 + -6 + 3 - 4 - 1.
-1
What is 7 + 0 - 9 - (-1 + 0)?
-1
1 + 5 + -2 - 3 - -1
2
Evaluate -2 + -14 - (27 - 34).
-9
What is the value of (4 - 2) + 4 + (-5 - -7)?
8
Calculate -1 + 1 +